{"id":73,"date":"2014-08-31T21:28:17","date_gmt":"2014-08-31T20:28:17","guid":{"rendered":"http:\/\/fumgrafik.cz\/?page_id=73"},"modified":"2025-11-18T19:20:18","modified_gmt":"2025-11-18T18:20:18","slug":"o-fumgrafikovi","status":"publish","type":"page","link":"https:\/\/fumgrafik.cz\/?page_id=73","title":{"rendered":"O mn\u011b"},"content":{"rendered":"\n<div class=\"wp-block-columns are-vertically-aligned-center is-layout-flex wp-container-core-columns-is-layout-9d6595d7 wp-block-columns-is-layout-flex\">\n<div class=\"wp-block-column is-vertically-aligned-center is-layout-flow wp-block-column-is-layout-flow\" style=\"flex-basis:33.33%\">\n<figure class=\"wp-block-image size-full\"><img loading=\"lazy\" decoding=\"async\" width=\"1024\" height=\"1024\" src=\"https:\/\/fumgrafik.cz\/wp-content\/uploads\/2025\/11\/gemini-2.5-flash-image_A_cinematic_portrait_photograph_of_Please_make_from_this_upload_photo_photo_styl-2.jpg\" alt=\"\" class=\"wp-image-583\" srcset=\"https:\/\/fumgrafik.cz\/wp-content\/uploads\/2025\/11\/gemini-2.5-flash-image_A_cinematic_portrait_photograph_of_Please_make_from_this_upload_photo_photo_styl-2.jpg 1024w, https:\/\/fumgrafik.cz\/wp-content\/uploads\/2025\/11\/gemini-2.5-flash-image_A_cinematic_portrait_photograph_of_Please_make_from_this_upload_photo_photo_styl-2-300x300.jpg 300w, https:\/\/fumgrafik.cz\/wp-content\/uploads\/2025\/11\/gemini-2.5-flash-image_A_cinematic_portrait_photograph_of_Please_make_from_this_upload_photo_photo_styl-2-150x150.jpg 150w, https:\/\/fumgrafik.cz\/wp-content\/uploads\/2025\/11\/gemini-2.5-flash-image_A_cinematic_portrait_photograph_of_Please_make_from_this_upload_photo_photo_styl-2-768x768.jpg 768w\" sizes=\"auto, (max-width: 1024px) 100vw, 1024px\" \/><\/figure>\n<\/div>\n\n\n\n<div class=\"wp-block-column is-vertically-aligned-center is-layout-flow wp-block-column-is-layout-flow\" style=\"flex-basis:66.66%\">\n<h2 class=\"wp-block-heading\">\u201eTvo\u0159\u00edm firemn\u00ed identity a layouty, <br><strong>kter\u00e9 zaujmou na prvn\u00ed pohled<\/strong>.\u201c<\/h2>\n\n\n\n<p style=\"font-size:18px\"><strong>Pot\u0159ebujete silnou vizu\u00e1ln\u00ed identitu?<\/strong><br>\ud83d\udc49 Napi\u0161te mi a vytvo\u0159\u00edm ji na m\u00edru.<\/p>\n\n\n\n<p style=\"font-size:18px\"><strong>Chcete profesion\u00e1ln\u00ed layout pro sv\u016fj \u010dasopis?<\/strong><br>\ud83d\udc49 Ozv\u011bte se a uk\u00e1\u017eu v\u00e1m mo\u017enosti.<\/p>\n\n\n\n<p style=\"font-size:14px\"><strong>Jsem Honza Fumf\u00e1lek \u2013 grafik s v\u00e1\u0161n\u00ed pro vizu\u00e1ln\u00ed identitu a sazbu.<\/strong><br>Tvo\u0159\u00edm designy, kter\u00e9 nejen dob\u0159e vypadaj\u00ed, ale hlavn\u011b funguj\u00ed.<\/p>\n\n\n\n<p>Jako <strong>freelance grafik<\/strong> se mohu sv\u00fdm klient\u016fm v\u011bnovat naplno. D\u00edky dlouholet\u00fdm zku\u0161enostem v grafick\u00e9m designu pom\u00e1h\u00e1m zna\u010dk\u00e1m i jednotlivc\u016fm <strong>p\u0159iv\u00e9st jejich n\u00e1pady k \u017eivotu<\/strong>.<\/p>\n\n\n\n<p><strong>Specializuji se na:<\/strong><br>\u2022 loga a korpor\u00e1tn\u00ed identitu<br>\u2022 n\u00e1vrh a zlom \u010dasopis\u016f, bro\u017eur a katalog\u016f<br>\u2022 firemn\u00ed a produktov\u00e9 tiskoviny, p\u0159\u00edsp\u011bvky na soc. s\u00edt\u011b<br>\u2022 infografiky, elektronick\u00e9 newslettery a formul\u00e1\u0159e<\/p>\n<\/div>\n<\/div>\n\n\n\n<div style=\"height:40px\" aria-hidden=\"true\" class=\"wp-block-spacer\"><\/div>\n\n\n\n<div class=\"wp-block-group alignwide has-background\" style=\"background-color:#f3f3f3\"><div class=\"wp-block-group__inner-container is-layout-flow wp-block-group-is-layout-flow\">\n<div style=\"height:60px\" aria-hidden=\"true\" class=\"wp-block-spacer\"><\/div>\n\n\n\n<h2 class=\"wp-block-heading\">\u010cASTO KLADEN\u00c9 DOTAZY:<\/h2>\n\n\n\n<p class=\"has-large-font-size\"><strong>M\u016f\u017eete navrhnout logo, plak\u00e1t, firemn\u00ed \u010dasopis nebo t\u0159eba tri\u010dko pro moji kapelu?<\/strong><\/p>\n\n\n\n<p>Ano! Pr\u00e1v\u011b takov\u00e9 projekty m\u011b bav\u00ed nejv\u00edc.<br>R\u00e1d navrhnu logo, vizu\u00e1ln\u00ed styl, tiskoviny i origin\u00e1ln\u00ed motiv na tri\u010dko.<br>M\u00e1te-li z\u00e1jem o spolupr\u00e1ci nebo jen ot\u00e1zku, <strong>nev\u00e1hejte m\u011b kontaktovat<\/strong>.<\/p>\n\n\n\n<div style=\"height:4px\" aria-hidden=\"true\" class=\"wp-block-spacer is-style-wide\"><\/div>\n\n\n\n<h3 class=\"wp-block-heading\" style=\"font-size:18px\"><strong>Kolik zaplat\u00edm za pr\u00e1ci freelance grafika?<\/strong><\/h3>\n\n\n\n<p>Cena se v\u017edy odv\u00edj\u00ed od rozsahu a typu projektu.<br>Po\u0161lete mi kr\u00e1tk\u00fd popis nebo zad\u00e1n\u00ed a j\u00e1 v\u00e1m <strong>obratem p\u0159iprav\u00edm konkr\u00e9tn\u00ed nab\u00eddku<\/strong>.<\/p>\n\n\n\n<div style=\"height:3px\" aria-hidden=\"true\" class=\"wp-block-spacer is-style-wide\"><\/div>\n\n\n\n<h3 class=\"wp-block-heading\" style=\"font-size:18px\"><strong>P\u0159ijmete zak\u00e1zku na posledn\u00ed chv\u00edli?<\/strong><\/h3>\n\n\n\n<p>Ano, pokud mi to kapacita dovol\u00ed.<br>V urgentn\u00edch p\u0159\u00edpadech po\u010d\u00edtejte s <strong>men\u0161\u00edm p\u0159\u00edplatkem<\/strong>, ale ud\u011bl\u00e1m maximum, abych vyhov\u011bl.<\/p>\n\n\n\n<div style=\"height:4px\" aria-hidden=\"true\" class=\"wp-block-spacer is-style-wide\"><\/div>\n\n\n\n<h3 class=\"wp-block-heading has-large-font-size\"><strong>Jak\u00fd je nejlep\u0161\u00ed zp\u016fsob, jak v\u00e1s kontaktovat?<\/strong><\/h3>\n\n\n\n<p><strong>Nejl\u00e9pe e-mailem.<\/strong><br>Je rychl\u00fd, p\u0159ehledn\u00fd a m\u00e1me tak jasn\u011b zachycen\u00e9 v\u0161echny detaily komunikace.<\/p>\n\n\n\n<div style=\"height:4px\" aria-hidden=\"true\" class=\"wp-block-spacer is-style-wide\"><\/div>\n\n\n\n<h3 class=\"wp-block-heading has-large-font-size\"><strong>V jak\u00fdch programech pracujete?<\/strong><\/h3>\n\n\n\n<p>Pou\u017e\u00edv\u00e1m <strong>Adobe Creative Suite<\/strong> \u2013 p\u0159edev\u0161\u00edm InDesign, Photoshop a Illustrator.<\/p>\n\n\n\n<div style=\"height:4px\" aria-hidden=\"true\" class=\"wp-block-spacer is-style-wide\"><\/div>\n\n\n\n<h3 class=\"wp-block-heading has-large-font-size\"><strong>D\u011bl\u00e1te webov\u00e9 str\u00e1nky?<\/strong><\/h3>\n\n\n\n<p>Specializuji se na <strong>grafick\u00fd design tiskovin a vizu\u00e1ln\u00ed identity<\/strong> \u2013 loga, let\u00e1ky, \u010dasopisy, bannery, infografiky nebo potisky tri\u010dek.<br>Na weby m\u00e1m ale <strong>spolehliv\u00e9 partnery<\/strong>, tak\u017ee se mi klidn\u011b ozv\u011bte \u2013 r\u00e1d v\u00e1s propoj\u00edm.<\/p>\n\n\n\n<div style=\"height:4px\" aria-hidden=\"true\" class=\"wp-block-spacer is-style-wide\"><\/div>\n\n\n\n<h3 class=\"wp-block-heading\" style=\"font-size:18px\"><strong>Jste ochotn\u00fd cestovat? M\u016f\u017eeme se setkat osobn\u011b?<\/strong><\/h3>\n\n\n\n<p>Ano, pokud mi to \u010das dovol\u00ed,<strong> r\u00e1d doraz\u00edm na osobn\u00ed sch\u016fzku <\/strong>i p\u0159\u00edmo k v\u00e1m do firmy.<\/p>\n\n\n\n<div style=\"height:60px\" aria-hidden=\"true\" class=\"wp-block-spacer\"><\/div>\n\n\n\n<div style=\"height:40px\" aria-hidden=\"true\" class=\"wp-block-spacer\"><\/div>\n\n\n\n    <div class=\"container\">\r\n        <div class=\"port-grid carousel\">\r\n                                                <a href=\"https:\/\/fumgrafik.cz\/?portfolio=fishmo-cz-logo\" class=\"item\" style=\"background-image: url('https:\/\/fumgrafik.cz\/wp-content\/uploads\/2025\/10\/FISHMO-1024x1024.jpg');\">\r\n                        <div class=\"place-bot\">\r\n                            <div class=\"dark-bg\">\r\n                                <h3 class=\"bold\">Fishmo.cz &#8211; logo<\/h3>\r\n                                <ul class=\"info\">\r\n                                    <li class=\"flip\">\r\n                                        Fishmo.cz                                    <\/li>\r\n                                    <li class=\"bold\">\r\n                                        <span class=\"simple\">Logo &amp; Corporate Design<\/span>                                    <\/li>\r\n                                <\/ul>\r\n                            <\/div>\r\n                        <\/div>\r\n                    <\/a>\r\n                                    <a href=\"https:\/\/fumgrafik.cz\/?portfolio=koupelnynamiru-com-logo\" class=\"item\" style=\"background-image: url('https:\/\/fumgrafik.cz\/wp-content\/uploads\/2025\/10\/KOUPELNY_NAMIRU-1024x1024.jpg');\">\r\n                        <div class=\"place-bot\">\r\n                            <div class=\"dark-bg\">\r\n                                <h3 class=\"bold\">Koupelnynamiru.com &#8211; logo<\/h3>\r\n                                <ul class=\"info\">\r\n                                    <li class=\"flip\">\r\n                                        Koupelnynamiru.com                                    <\/li>\r\n                                    <li class=\"bold\">\r\n                                        <span class=\"simple\">Logo &amp; Corporate Design<\/span>                                    <\/li>\r\n                                <\/ul>\r\n                            <\/div>\r\n                        <\/div>\r\n                    <\/a>\r\n                                    <a href=\"https:\/\/fumgrafik.cz\/?portfolio=cartent4you-cz-logo\" class=\"item\" style=\"background-image: url('https:\/\/fumgrafik.cz\/wp-content\/uploads\/2025\/10\/CARTENT4YOU-1024x1024.jpg');\">\r\n                        <div class=\"place-bot\">\r\n                            <div class=\"dark-bg\">\r\n                                <h3 class=\"bold\">Cartent4you.cz &#8211; logo<\/h3>\r\n                                <ul class=\"info\">\r\n                                    <li class=\"flip\">\r\n                                        Cartent4you.cz                                    <\/li>\r\n                                    <li class=\"bold\">\r\n                                        <span class=\"simple\">Logo &amp; Corporate Design<\/span>                                    <\/li>\r\n                                <\/ul>\r\n                            <\/div>\r\n                        <\/div>\r\n                    <\/a>\r\n                                    <a href=\"https:\/\/fumgrafik.cz\/?portfolio=vestavbanamiru-cz-logo\" class=\"item\" style=\"background-image: url('https:\/\/fumgrafik.cz\/wp-content\/uploads\/2025\/10\/VESTAVBA_NAMIRU-1024x1024.jpg');\">\r\n                        <div class=\"place-bot\">\r\n                            <div class=\"dark-bg\">\r\n                                <h3 class=\"bold\">vestavbanamiru.cz &#8211; logo<\/h3>\r\n                                <ul class=\"info\">\r\n                                    <li class=\"flip\">\r\n                                        vestavbanamiru.cz                                    <\/li>\r\n                                    <li class=\"bold\">\r\n                                        <span class=\"simple\">Logo &amp; Corporate Design<\/span>                                    <\/li>\r\n                                <\/ul>\r\n                            <\/div>\r\n                        <\/div>\r\n                    <\/a>\r\n                                    <a href=\"https:\/\/fumgrafik.cz\/?portfolio=casopis-pro-mestkou-cast-praha-nebusice\" class=\"item\" style=\"background-image: url('https:\/\/fumgrafik.cz\/wp-content\/uploads\/2025\/10\/2972658-1024x1024.jpg');\">\r\n                        <div class=\"place-bot\">\r\n                            <div class=\"dark-bg\">\r\n                                <h3 class=\"bold\">\u010casopis pro m\u011bstkou \u010d\u00e1st Praha &#8211; Nebu\u0161ice<\/h3>\r\n                                <ul class=\"info\">\r\n                                    <li class=\"flip\">\r\n                                        Praha - Nebu\u0161ice                                    <\/li>\r\n                                    <li class=\"bold\">\r\n                                        <span class=\"simple\">Bro\u017eury a \u010dasopisy<\/span>                                    <\/li>\r\n                                <\/ul>\r\n                            <\/div>\r\n                        <\/div>\r\n                    <\/a>\r\n                                    <a href=\"https:\/\/fumgrafik.cz\/?portfolio=bauer-solution-logo-a-korporatni-identita\" class=\"item\" style=\"background-image: url('https:\/\/fumgrafik.cz\/wp-content\/uploads\/2025\/10\/BAUER_SOLUTION_TIT-1024x1024.jpg');\">\r\n                        <div class=\"place-bot\">\r\n                            <div class=\"dark-bg\">\r\n                                <h3 class=\"bold\">Bauer Solution &#8211; logo a korpor\u00e1tn\u00ed identita<\/h3>\r\n                                <ul class=\"info\">\r\n                                    <li class=\"flip\">\r\n                                        Bauer Solution                                    <\/li>\r\n                                    <li class=\"bold\">\r\n                                        <span class=\"simple\">Logo &amp; Corporate Design<\/span>                                    <\/li>\r\n                                <\/ul>\r\n                            <\/div>\r\n                        <\/div>\r\n                    <\/a>\r\n                                    <a href=\"https:\/\/fumgrafik.cz\/?portfolio=brozura-aviation-societe-generale-equipment-finance\" class=\"item\" style=\"background-image: url('https:\/\/fumgrafik.cz\/wp-content\/uploads\/2025\/10\/SGEF_AVIATION_TIT-1-1024x1024.jpg');\">\r\n                        <div class=\"place-bot\">\r\n                            <div class=\"dark-bg\">\r\n                                <h3 class=\"bold\">Bro\u017eura Aviation &#8211; Soci\u00e9t\u00e9 G\u00e9n\u00e9rale Equipment Finance<\/h3>\r\n                                <ul class=\"info\">\r\n                                    <li class=\"flip\">\r\n                                        Soci\u00e9t\u00e9 G\u00e9n\u00e9rale Equipment Finance                                    <\/li>\r\n                                    <li class=\"bold\">\r\n                                        <span class=\"simple\">Bro\u017eury a \u010dasopisy<\/span>                                    <\/li>\r\n                                <\/ul>\r\n                            <\/div>\r\n                        <\/div>\r\n                    <\/a>\r\n                                    <a href=\"https:\/\/fumgrafik.cz\/?portfolio=nastartujto-logo-a-korporatni-identita\" class=\"item\" style=\"background-image: url('https:\/\/fumgrafik.cz\/wp-content\/uploads\/2025\/10\/NASTARTUJTO-1024x1024.jpg');\">\r\n                        <div class=\"place-bot\">\r\n                            <div class=\"dark-bg\">\r\n                                <h3 class=\"bold\">Nastartujto &#8211; logo a korpor\u00e1tn\u00ed identita<\/h3>\r\n                                <ul class=\"info\">\r\n                                    <li class=\"flip\">\r\n                                        Nastartujto                                    <\/li>\r\n                                    <li class=\"bold\">\r\n                                        <span class=\"simple\">Logo &amp; Corporate Design<\/span>                                    <\/li>\r\n                                <\/ul>\r\n                            <\/div>\r\n                        <\/div>\r\n                    <\/a>\r\n                                    <a href=\"https:\/\/fumgrafik.cz\/?portfolio=logo-nova-prague-tours\" class=\"item\" style=\"background-image: url('https:\/\/fumgrafik.cz\/wp-content\/uploads\/2025\/10\/Navrhova-plocha-1.jpg');\">\r\n                        <div class=\"place-bot\">\r\n                            <div class=\"dark-bg\">\r\n                                <h3 class=\"bold\">Logo Nova Prague Tours<\/h3>\r\n                                <ul class=\"info\">\r\n                                    <li class=\"flip\">\r\n                                        Nova Prague Tours                                    <\/li>\r\n                                    <li class=\"bold\">\r\n                                        <span class=\"simple\">Logo &amp; Corporate Design<\/span>                                    <\/li>\r\n                                <\/ul>\r\n                            <\/div>\r\n                        <\/div>\r\n                    <\/a>\r\n                                    <a href=\"https:\/\/fumgrafik.cz\/?portfolio=kniha-mototechna-tuzemska-i-dovazena-vozidla-na-plakatech-a-prospektech-1949-1990\" class=\"item\" style=\"background-image: url('https:\/\/fumgrafik.cz\/wp-content\/uploads\/2024\/01\/knihy-1024x819.jpg');\">\r\n                        <div class=\"place-bot\">\r\n                            <div class=\"dark-bg\">\r\n                                <h3 class=\"bold\">Kniha Mototechna \u2013 tuzemsk\u00e1 i dov\u00e1\u017een\u00e1 vozidla na plak\u00e1tech a prospektech 1949-1990 a kniha Tatra \u2013 osobn\u00ed automobily na plak\u00e1tech a prospektech 1945-1999<\/h3>\r\n                                <ul class=\"info\">\r\n                                    <li class=\"flip\">\r\n                                        Martin Kupec                                    <\/li>\r\n                                    <li class=\"bold\">\r\n                                        <span class=\"simple\">Tiskoviny<\/span>                                    <\/li>\r\n                                <\/ul>\r\n                            <\/div>\r\n                        <\/div>\r\n                    <\/a>\r\n                                                    <\/div>\r\n    <\/div>\r\n    \n<\/div><\/div>\n","protected":false},"excerpt":{"rendered":"<p>\u201eTvo\u0159\u00edm firemn\u00ed identity a layouty, kter\u00e9 zaujmou na prvn\u00ed pohled.\u201c Pot\u0159ebujete silnou vizu\u00e1ln\u00ed identitu?\ud83d\udc49 Napi\u0161te mi a vytvo\u0159\u00edm ji na m\u00edru. Chcete profesion\u00e1ln\u00ed layout pro sv\u016fj \u010dasopis?\ud83d\udc49 Ozv\u011bte se a uk\u00e1\u017eu v\u00e1m mo\u017enosti. Jsem Honza Fumf\u00e1lek \u2013 grafik s v\u00e1\u0161n\u00ed pro vizu\u00e1ln\u00ed identitu a sazbu.Tvo\u0159\u00edm designy, kter\u00e9 nejen dob\u0159e vypadaj\u00ed, ale hlavn\u011b funguj\u00ed. Jako freelance [&hellip;]<\/p>\n","protected":false},"author":2,"featured_media":0,"parent":0,"menu_order":0,"comment_status":"closed","ping_status":"closed","template":"","meta":{"footnotes":""},"class_list":["post-73","page","type-page","status-publish","hentry"],"_links":{"self":[{"href":"https:\/\/fumgrafik.cz\/index.php?rest_route=\/wp\/v2\/pages\/73","targetHints":{"allow":["GET"]}}],"collection":[{"href":"https:\/\/fumgrafik.cz\/index.php?rest_route=\/wp\/v2\/pages"}],"about":[{"href":"https:\/\/fumgrafik.cz\/index.php?rest_route=\/wp\/v2\/types\/page"}],"author":[{"embeddable":true,"href":"https:\/\/fumgrafik.cz\/index.php?rest_route=\/wp\/v2\/users\/2"}],"replies":[{"embeddable":true,"href":"https:\/\/fumgrafik.cz\/index.php?rest_route=%2Fwp%2Fv2%2Fcomments&post=73"}],"version-history":[{"count":36,"href":"https:\/\/fumgrafik.cz\/index.php?rest_route=\/wp\/v2\/pages\/73\/revisions"}],"predecessor-version":[{"id":585,"href":"https:\/\/fumgrafik.cz\/index.php?rest_route=\/wp\/v2\/pages\/73\/revisions\/585"}],"wp:attachment":[{"href":"https:\/\/fumgrafik.cz\/index.php?rest_route=%2Fwp%2Fv2%2Fmedia&parent=73"}],"curies":[{"name":"wp","href":"https:\/\/api.w.org\/{rel}","templated":true}]}}